e 0 = 2*b - 4*b + 24. Calculate the remainder when 40 is divided by (-54)/b*z/6.
19
Calculate the remainder when (26 + (0 - 1))*1 is divided by 13.
12
Suppose -2*p - 6 = -2*w, -p + 1 - 2 = 0. Suppose 3*h - 38 + w = 0. What is the remainder when 34 is divided by h?
10
Let d = -17 + 20. Suppose -h = -0*l + 2*l - 23, 5*l - 64 = -d*h. What is the remainder when 49 is divided by h?
10
Let h = -34 + 72. What is the remainder when h is divided by 114/8 - 5/20?
10
Let j be (2 - 2)/(3 - 2). Suppose 0 = 2*l - 4*x - 28, 3*x - 31 = -5*l - j*x. Let q = -4 - -26. What is the remainder when q is divided by l?
6
Calculate the remainder when 248/5 - (-2)/5 is divided by ((-6)/(-15))/(14/595).
16
Let s be (4/((-4)/7))/1. What is the remainder when 11 is divided by (2 - 1) + (-5 - s)?
2
Let l(z) = -z**2 + 12*z - 6. Calculate the remainder when (-3 + 2)*41*-1 is divided by l(10).
13
Let z(c) = -4*c + 6. Let f(u) = -u + 1. Let j(o) = -3*f(o) + z(o). What is the remainder when 4/(-1)*(-19)/4 is divided by j(-7)?
9
Let v(f) be the second derivative of f - 7/2*f**2 - 1/12*f**4 + 2*f**3 + 0. What is the remainder when 37 is divided by v(9)?
17
Let o be (-30)/(-25)*(6 + -1). Suppose 4*z - q - 70 = 0, -26 = -0*z - 2*z - 4*q. Calculate the remainder when 292/o - 3/(-9) is divided by z.
15
Calculate the remainder when 42 is divided by (-2)/4 - (-270)/12.
20
Suppose 0 = 4*d - 5*p + 2*p - 157, -142 = -4*d - 2*p. Let z(o) = -3*o + 5*o + 4*o**2 - 14 - 3*o**2. What is the remainder when d is divided by z(-6)?
7
What is the remainder when 106/(-6)*11/((-77)/42) is divided by 27?
25
Let m = 4 + 5. Suppose 4*z - z - m = 0. What is the remainder when 3 is divided by z?
0
Let t(c) = c**3 + 7*c**2 + 3*c - 1. Suppose 2*n - 7*m + 3*m + 50 = 0, 2*m + 185 = -5*n. Let a = n - -85. What is the remainder when a is divided by t(-6)?
16
Suppose 0 = -32*u + 30*u + 78. Calculate the remainder when u is divided by 21.
18
Let u = 14 - 10. What is the remainder when 14 is divided by u?
2
Suppose 5*d + 4*h = d + 16, d + 4*h + 11 = 0. Suppose -4*p - 2*a + 90 = 0, -3*a = -4*p - 0*p + 105. What is the remainder when p is divided by d?
6
Suppose 21*w = 23*w - 60. What is the remainder when w is divided by 17?
13
What is the remainder when 15/2*(-8)/(-6) is divided by 4?
2
Let b(r) = -r**3 + 6*r**2 - r - 3. Let n be b(6). What is the remainder when 1 - (n + 0) - -2 is divided by 5?
2
Calculate the remainder when 112 is divided by ((-78)/4)/(22/(-44)).
34
Let f = 829 + -520. Suppose -x + 5*z = 78, z - 3*z - f = 5*x. What is the remainder when 24 is divided by (-2 - x/12)*4?
11
Suppose 0 = 5*n - 10*n - 3*t + 19, -2*n + t + 12 = 0. Suppose n*x - 59 = 11. What is the remainder when 41 is divided by x?
13
Suppose -11 = 3*f - 2. Let w = f + 5. Suppose w*k - 5*k = -33. Calculate the remainder when k is divided by 6.
5
Suppose 0 = -x - 2*k + 5*k + 26, -130 = -5*x + 5*k. Calculate the remainder when x is divided by ((-3)/(-2))/((-1)/(-6)).
8
Let c = -2 + 28. What is the remainder when 103 is divided by c?
25
Let u = -104 + 116. What is the remainder when u is divided by 4?
0
Suppose 10*d - 5*d - p + 5 = 0, 3*d - 5*p + 25 = 0. Suppose -2*n = -d*n - 48. Let w = -17 + n. What is the remainder when 12 is divided by w?
5
Let l(d) = 3*d**3 - 4*d**2 + 2*d + 2. Let t be ((-2)/2)/((-1)/5). Suppose -w + t*f + 79 = w, 4*w + f - 103 = 0. What is the remainder when w is divided by l(2)?
13
Let b(q) = q**3 + 8*q**2 + 6*q + 9. Suppose 0 = 2*i + 3*d + 8, 6 = 2*d + 2. Calculate the remainder when 45 is divided by b(i).
13
Suppose a + 2 - 5 = 0. Calculate the remainder when 4 is divided by a.
1
Suppose 2*r + 3*l = -r + 57, 51 = 3*r + 5*l. Suppose -4*y + 3*y = -65. Calculate the remainder when y is divided by r.
21
Suppose -2*f + 7*p + 18 = 3*p, -2*p = 0. What is the remainder when 31 is divided by f?
4
Let m(g) = -g**3 - 6*g**2 - 2*g - 6. Let b be m(-6). What is the remainder when ((-116)/6)/(b/(-18)) is divided by 20?
18
Suppose -2*d = -5*a - 4*d + 30, -5*d = -5*a - 5. What is the remainder when a is divided by 2?
0
Let d(l) = l**3 + 7*l**2 + 2*l - 3. Suppose -3 = 3*r + 15. Calculate the remainder when d(r) is divided by 11.
10
Let s = 135 - 83. Let m = 85 + -58. What is the remainder when s is divided by m?
25
Let t = 12 - 5. Let f(d) = 4*d - 8. What is the remainder when 59 is divided by f(t)?
19
Let c be (-99)/12 - (-3)/(-4). Let u(l) = -3*l + 13. Let o(p) = -5*p + 1. What is the remainder when u(c) is divided by o(-4)?
19
Let o = 22 + 51. What is the remainder when o is divided by 19?
16
Let k(w) = w - 9. Let p be k(9). Suppose p = -5*i + 21 + 9. Suppose 2*y = 3*y - 10. Calculate the remainder when y is divided by i.
4
Calculate the remainder when -4 + -2 + 102 - -2 is divided by 20.
18
Suppose 0 = b - 124. Let p = -14 - -16. Suppose -b = p*v - 6*v. Calculate the remainder when v is divided by 11.
9
Let w = -11 - -16. What is the remainder when 24 is divided by w?
4
Suppose 3*h = p + 2*p - 57, 0 = -h - 1. Suppose 2*f + p - 56 = 0. Let j = f - 1. Calculate the remainder when j is divided by 5.
3
Let i = -9 - -17. Suppose 2*c = c + i. Calculate the remainder when c is divided by 5.
3
Let k = 0 + 2. Let u be -1*k*(-15)/(-2). Let h = -1 - u. What is the remainder when 41 is divided by h?
13
Let l = -84 + 168. What is the remainder when l is divided by 29?
26
Let n be (-4 + 2 - -1)*0. Suppose 93 = 4*q + 5*i, n*q + i = 2*q - 57. What is the remainder when q is divided by 15?
12
Let n = -3 + 16. What is the remainder when 24 is divided by n?
11
Suppose 73 = l - 8*z + 5*z, 3*z + 158 = 2*l. Suppose -j + 2*f - 37 + 12 = 0, 3*f + l = -2*j. Let g = 0 - j. Calculate the remainder when g is divided by 12.
11
Let a(o) = 29*o**2 - 2*o + 1. Let s be a(1). Let n = s + -3. Calculate the remainder when n is divided by 9.
7
Suppose -4*m - 4*u = -20, -3*m - m - 3*u = -20. Let r = -20 + 23. What is the remainder when m is divided by r?
2
Suppose -2*c + c = -2*j + 118, -530 = 5*c + 2*j. Let o be c/(-10) - 1/(-5). Let x = o + -6. Calculate the remainder when 14 is divided by x.
4
Let j(f) = -2*f**2 + 2. Let q be j(-2). What is the remainder when (-204)/(-9)*(-9)/q is divided by 12?
10
Let r(z) = z**3 - 2*z**2 - 2*z + 6. Calculate the remainder when 16 is divided by r(3).
7
What is the remainder when 45 is divided by ((-9)/24 - 0) + 182/16?
1
Let l(w) = 2*w**2 + 13*w + 19. What is the remainder when l(-6) is divided by 11?
2
Suppose -52 = 5*j + 38. Suppose 4*u + 22 = 6. Calculate the remainder when 2 is divided by (u/(-3))/((-12)/j).
0
Suppose -5*u = -3*d - 148, -164 = -4*u + 3*d - 45. Suppose u = 2*g + 5. Let j = 55 + -21. Calculate the remainder when j is divided by g.
10
Suppose 3*l - 50 - 28 = 0. Suppose 2*h - 4*g - 18 = h, 2*h = 3*g + l. What is the remainder when 19 is divided by h?
9
Let o be ((-5)/2)/((-2)/8). Let g = 36 - o. Suppose 0*x = 2*x - 18. What is the remainder when g is divided by x?
8
Let j = 80 - 66. What is the remainder when 40 is divided by j?
12
Let r = 8 - 6. Suppose -r*p - 11 = -5. What is the remainder when 36 is divided by (12/8)/(p/(-26))?
10
Suppose 2 = -4*s + 26. Suppose -z = 2*u - 26, -z + u + 43 = 2*z. What is the remainder when z is divided by s?
4
What is the remainder when 83 is divided by 16/(-4) + (-63)/(-7)?
3
Let m(y) = y**3 - 14*y**2 - 12*y - 20. Suppose 70 = -0*o + 5*o. What is the remainder when m(15) is divided by o?
11
Let u(c) = -41*c + 8. Let g(d) = -27*d + 5. Let l(m) = -8*g(m) + 5*u(m). Let v = 27 + 4. Calculate the remainder when v is divided by l(1).
9
Let c(n) = -13*n + 4. What is the remainder when c(-1) is divided by 12?
5
Let i = -7 + 17. Suppose n + 7 - 32 = 0. What is the remainder when n is divided by i + (2/(-2) - -4)?
12
What is the remainder when (-6 + 95)/(2/2) is divided by 23?
20
Let p(i) = i**2 + i - 5. Let b be p(0). Let n = b + 10. What is the remainder when 19 is divided by n?
4
Let n(t) = -t**3 - 7*t**2 - 5*t + 3. Let j be n(-6). Let o = j + 12. Let g = 2 + 3. What is the remainder when o is divided by g?
4
Let r be -2 - (3 - (69 + 2)). Let x = -37 + r. Calculate the remainder when x is divided by 1/(5/2)*25.
9
Suppose -5*b + 77 = 4*g, 3*g = g + 4*b + 32. What is the remainder when 50 is divided by g?
14
Suppose 51 - 21 = -2*q. Let v = q + 20. What is the remainder when 19 is